a factor of 1271?
False
Is 562 a multiple of 3?
False
Is 950 a multiple of 16?
False
Is 235 a factor of 40655?
True
Is 22 a factor of 8458?
False
Does 22 divide 2156?
True
Does 5 divide 4972?
False
Does 40 divide 24551?
False
Is 57 a factor of 39202?
False
Is 410 a multiple of 15?
False
Is 756 a multiple of 7?
True
Is 15 a factor of 8385?
True
Does 17 divide 1528?
False
Is 40 a factor of 880?
True
Is 504 a multiple of 14?
True
Is 143 a factor of 12584?
True
Does 63 divide 2493?
False
Is 351 a multiple of 3?
True
Does 43 divide 1299?
False
Is 2210 a multiple of 34?
True
Is 11 a factor of 1023?
True
Is 11 a factor of 2218?
False
Does 50 divide 36859?
False
Is 11 a factor of 2585?
True
Is 25 a factor of 6407?
False
Does 14 divide 15775?
False
Is 4767 a multiple of 18?
False
Is 43 a factor of 4415?
False
Does 6 divide 804?
True
Is 215 a multiple of 5?
True
Is 4160 a multiple of 52?
True
Is 469 a multiple of 88?
False
Is 16 a factor of 16992?
True
Does 22 divide 11088?
True
Is 88 a factor of 24904?
True
Is 103916 a multiple of 144?
False
Is 367 a multiple of 10?
False
Does 89 divide 16548?
False
Is 1701 a multiple of 3?
True
Is 1895 a multiple of 20?
False
Is 3 a factor of 5628?
True
Does 40 divide 5674?
False
Is 23552 a multiple of 92?
True
Is 114 a multiple of 19?
True
Does 22 divide 64071?
False
Is 17 a factor of 867?
True
Is 8 a factor of 800?
True
Does 2 divide 105?
False
Does 20 divide 500?
True
Is 828 a multiple of 36?
True
Does 5 divide 42?
False
Is 36 a factor of 1661?
False
Is 40 a factor of 37591?
False
Is 34 a factor of 884?
True
Is 364 a multiple of 12?
False
Does 91 divide 11295?
False
Is 8148 a multiple of 84?
True
Is 7873 a multiple of 107?
False
Is 157344 a multiple of 32?
True
Does 21 divide 7896?
True
Does 77 divide 14091?
True
Is 2 a factor of 2755?
False
Is 27 a factor of 8573?
False
Does 350 divide 16534?
False
Does 16 divide 11024?
True
Is 13 a factor of 1425?
False
Is 23 a factor of 1853?
False
Is 32 a factor of 5986?
False
Does 13 divide 710?
False
Does 29 divide 3320?
False
Is 19 a factor of 2413?
True
Is 40 a factor of 1600?
True
Is 66 a factor of 6424?
False
Does 27 divide 8792?
False
Does 6 divide 238?
False
Is 38 a factor of 1824?
True
Is 246 a factor of 24108?
True
Does 23 divide 3542?
True
Is 183 a multiple of 3?
True
Does 34 divide 2833?
False
Does 58 divide 29174?
True
Is 18 a factor of 3743?
False
Is 15604 a multiple of 4?
True
Does 51 divide 8670?
True
Is 4 a factor of 4520?
True
Is 6 a factor of 108?
True
Is 11 a factor of 781?
True
Does 67 divide 1369?
False
Is 54 a multiple of 9?
True
Does 23 divide 137?
False
Is 4 a factor of 628?
True
Is 369 a multiple of 17?
False
Is 538 a multiple of 26?
False
Is 91 a factor of 3003?
True
Does 77 divide 748?
False
Is 740 a multiple of 5?
True
Is 191 a factor of 59994?
False
Is 55 a factor of 385?
True
Does 88 divide 8011?
False
Is 230 a factor of 2070?
True
Is 1634 a multiple of 13?
False
Is 1874 a multiple of 131?
False
Is 20 a factor of 120?
True
Is 9 a factor of 3519?
True
Is 48 a factor of 1461?
False
Is 1781 a multiple of 13?
True
Is 48988 a multiple of 24?
False
Is 37 a factor of 12221?
False
Does 58 divide 5684?
True
Is 4328 a multiple of 17?
False
Does 55 divide 1329?
False
Is 368 a multiple of 5?
False
Does 129 divide 22569?
False
Is 260 a multiple of 22?
False
Is 21 a factor of 1230?
False
Is 67 a factor of 7504?
True
Does 8 divide 640?
True
Does 12 divide 18?
False
Is 15 a factor of 750?
True
Is 14336 a multiple of 56?
True
Is 9480 a multiple of 12?
True
Is 780 a multiple of 10?
True
Does 15 divide 7725?
True
Is 24 a factor of 1183?
False
Is 6589 a multiple of 11?
True
Does 13 divide 6539?
True
Does 8 divide 6008?
True
Does 30 divide 2310?
True
Is 8 a factor of 87?
False
Does 52 divide 45717?
False
Is 12 a factor of 3720?
True
Is 82 a factor of 1394?
True
Is 2448 a multiple of 13?
False
Does 3 divide 118?
False
Does 14 divide 39830?
True
Does 50 divide 950?
True
Does 12 divide 2776?
False
Does 6 divide 20887?
False
Is 19998 a multiple of 198?
True
Is 291 a multiple of 28?
False
Does 10 divide 5080?
True
Is 3002 a multiple of 8?
False
Is 30 a factor of 5250?
True
Is 2 a factor of 244?
True
Is 39 a factor of 9339?
False
Does 6 divide 2039?
False
Is 35 a factor of 3255?
True
Does 49 divide 2499?
True
Does 5 divide 40?
True
Is 65 a factor of 2346?
False
Is 272 a factor of 15504?
True
Is 11 a factor of 718?
False
Is 25 a factor of 7250?
True
Is 14314 a multiple of 21?
False
Does 2 divide 78?
True
Does 86 divide 32164?
True
Is 335 a multiple of 9?
False
Does 26 divide 1170?
True
Is 4 a factor of 57?
False
Does 24 divide 148?
False
Is 2 a factor of 120?
True
Is 49 a factor of 33761?
True
Is 89460 a multiple of 42?
True
Is 17 a factor of 228?
False
Is 56 a factor of 55658?
False
Is 8 a factor of 2663?
False
Is 13 a factor of 146?
False
Is 195 a factor of 36433?
False
Is 11 a factor of 5140?
False
Does 18 divide 22610?
False
Is 28 a factor of 840?
True
Is 432 a multiple of 48?
True
Does 27 divide 42444?
True
Is 45 a multiple of 45?
True
Is 988 a multiple of 19?
True
Is 17827 a multiple of 83?
False
Does 107 divide 1819?
True
Does 17 divide 1913?
False
Is 25 a factor of 225?
True
Is 340 a multiple of 34?
True
Does 8 divide 468?
False
Does 32 divide 544?
True
Is 22 a factor of 2574?
True
Is 61 a factor of 8601?
True
Is 29 a factor of 2900?
True
Is 6598 a multiple of 2?
True
Does 31 divide 2301?
False
Does 65 divide 805?
False
Is 8 a factor of 4336?
True
Is 31620 a multiple of 20?
True
Does 103 divide 7004?
True
Is 34384 a multiple of 59?
False
Is 18564 a multiple of 167?
False
Is 5 a factor of 860?
True
Is 1638 a multiple of 78?
True
Does 13 divide 11757?
False
Does 40 divide 754?
False
Does 11 divide 2794?
True
Does 15 divide 5195?
False
Is 5 a factor of 4240?
True
Does 23 divide 1242?
True
Is 28 a factor of 1820?
True
Does 16 divide 1456?
True
Does 155 divide 103109?
False
Is 68 a factor of 2924?
True
Is 82 a factor of 6396?
True
Is 23 a factor of 59271?
True
Is 108 a factor of 107076?
False
Is 41 a factor of 24209?
False
Is 6749 a multiple of 17?
True
Is 29665 a multiple of 17?
True
Is 29 a factor of 620?
False
Is 13 a factor of 52?
True
Is 38 a factor of 722?
True
Does 12 divide 12655?
False
Is 11 a factor of 1188?
True
Does 17 divide 7140?
True
Is 18 a factor of 303?
False
Is 47 a factor of 10249?
False
Is 11 a factor of 21461?
True
Is 5950 a multiple of 5?
True
Is 5553 a multiple of 135?
False
Is 112 a multiple of 28?
True
Does 8 divide 581?
False
Does 27 divide 3457?
False
Is 117 a factor of 15444?
True
Is 13 a factor of 52?
True
Is 22 a factor of 5444?
False
Does 16 divide 55107?
False
Does 5 divide 190?
True
Is 11 a factor of 2032?
False
Is 35 a factor of 420?
True
Is 148 a factor of 15088?
False
Does 78 divide 62727?
False
Is 32 a multiple of 6?
False
Is 4026 a multiple of 39?
False
Does 2 divide 15?
False
Does 2 divide 417?
False
Is 15318 a multiple of 207?
True
Is 71 a factor of 5609?
True
Is 11 a factor of 253?
True
Is 3792 a multiple of 24?
True
Is 1248 a multiple of 8?
True
Is 4554 a multiple of 99?
True
Is 75 a factor of 13425?
True
Is 2420 a multiple of 110?
True
Is 128453 a multiple of 154?
False
Does 113 divide 3164?
True
Is 16360 a multiple of 57?
False
Is 60 a factor of 720?
True
Does 37 divide 538?
False
Does 3 divide 111?
True
Is 156 a factor of 15756?
True
Does 18 divide 6894?
True
Is 46657 a multiple of 97?
True
Is 1234 a multiple of 26?
False
Is 2511 a multiple of 81?
True
Is 13 a factor of 21827?
True
Is 26772 a multiple of 23?
True
Is 682 a multiple of 30?
False
Is 22 a factor of 924?
True
Is 1554 a multiple of 13?
False
Is 1494 a multiple of 16?
False
Does 30 divide 1680?
True
Does 6 divide 1105?
False
Is 70 a factor of 3208?
False
Is 749 a multiple of 25?
False
Is 27 a multiple of 2?
False
Is 83070 a multiple of 31?
False
Is 10 a factor of 2130?
True
Does 26 divide 480?
False
Is 100 a multiple of 5?
True
Does 23 divide 1472?
True
Is 49 a factor of 3275?
False
Is 657 a multiple of 7?
False
Is 186 a factor of 15066?
True
Does 48 divide 3120?
True
Is 15 a factor of 962?
False
Is 41230 a multiple of 70?
True
Does 98 divide 4953?
False
Does 146 divide 2190?
True
Is 6 a factor of 21252?
True
Is 11 a factor of 4944?
False
Is 63 a multiple of 63?